{"id":4479,"date":"2020-11-04T10:35:50","date_gmt":"2020-11-04T10:35:50","guid":{"rendered":"https:\/\/altalenaitaly.com\/informacion\/cuidado-de-las-joyas\/"},"modified":"2020-11-04T10:35:56","modified_gmt":"2020-11-04T10:35:56","slug":"cuidado-de-las-joyas","status":"publish","type":"page","link":"https:\/\/altalenaitaly.com\/?page_id=4479&lang=es","title":{"rendered":"CUIDADO DE LAS JOYAS"},"content":{"rendered":"<p>[et_pb_section fb_built=&#8221;1&#8243; _builder_version=&#8221;4.6.5&#8243; _module_preset=&#8221;default&#8221;][et_pb_row _builder_version=&#8221;4.6.5&#8243; _module_preset=&#8221;default&#8221;][et_pb_column type=&#8221;4_4&#8243; _builder_version=&#8221;4.6.5&#8243; _module_preset=&#8221;default&#8221;][et_pb_post_title meta=&#8221;off&#8221; _builder_version=&#8221;4.6.6&#8243; _module_preset=&#8221;default&#8221; text_orientation=&#8221;center&#8221; hover_enabled=&#8221;0&#8243; title_font=&#8221;|||on|||||&#8221; sticky_enabled=&#8221;0&#8243;][\/et_pb_post_title][et_pb_text _builder_version=&#8221;4.6.6&#8243; _module_preset=&#8221;default&#8221; text_font_size=&#8221;16px&#8221; text_line_height=&#8221;1.6em&#8221; link_font=&#8221;||||on|||#000000|&#8221; link_text_color=&#8221;#000000&#8243; header_3_font=&#8221;|700|||||||&#8221; hover_enabled=&#8221;0&#8243; text_font=&#8221;|300|||||||&#8221; sticky_enabled=&#8221;0&#8243;]<\/p>\n<p><span style=\"font-weight: 400;\">Para que tu joya mantenga su esplendor y brillo, te dejamos a continuaci\u00f3n algunos consejos \u00fatiles sobre c\u00f3mo cuidarla y mantenerla<\/span><\/p>\n<p><b>CONSERVACI\u00d3N DEL BRILLO<\/b><\/p>\n<p><span style=\"font-weight: 400;\">Todas nuestras piezas ba\u00f1adas en oro tienen un tratamiento para preservar el color y la luminosidad por m\u00e1s tiempo, pero es normal que con el tiempo pueda perderse.<\/span><\/p>\n<p><span style=\"font-weight: 400;\">El PH de nuestra piel influye en particular en la duraci\u00f3n y en las condiciones de la joya, sobre todo en aquellas con ba\u00f1os. En algunos casos, nuestro PH puede hacer oscurecer la joya. Por eso te recomendamos que no las utilices mientras realices cualquier actividad que conlleve la sudoraci\u00f3n de la piel e incluso que te las quites para dormir.<\/span><\/p>\n<p><span style=\"font-weight: 400;\">Evita siempre el contacto de la pieza con productos cosm\u00e9ticos o qu\u00edmicos.<\/span><span style=\"font-weight: 400;\"> Es importante no echar perfume, alcohol o derivados de \u00e9stos sobre ellas<\/span><span style=\"font-weight: 400;\">, as\u00ed como evitar el contacto de las joyas con el agua, especialmente de las piscinas y el mar. Para la conservaci\u00f3n del ba\u00f1o de oro, es imprescindible no mojar las joyas<\/span><span style=\"font-weight: 400;\">, ya <\/span><span style=\"font-weight: 400;\">que se reducir\u00eda la duraci\u00f3n del ba\u00f1o y supone la p\u00e9rdida de la garant\u00eda.<\/span><\/p>\n<p><b>LIMPIEZA DE TUS JOYAS<\/b><\/p>\n<p><span style=\"font-weight: 400;\">Si quieres recuperar el brillo de tus joyas de Plata, simplemente debes frotarlas suavemente con una gamuza de microfibra espec\u00edfica o un pa\u00f1o de algod\u00f3n. Para limpiarlas, puedes utilizar una peque\u00f1a cantidad de jab\u00f3n neutro mezclado con agua templada y con delicadeza frotar tu joya con un cepillo suave.\u00a0<\/span><\/p>\n<p><span style=\"font-weight: 400;\">Las piezas ba\u00f1adas en Oro requieren de un mayor cuidado para evitar el desgaste del ba\u00f1o. Es importante que su limpieza se realice sin frotar intensamente, ya que se puede generar la p\u00e9rdida del ba\u00f1o. Utiliza un pa\u00f1o de algod\u00f3n o una gamuza de microfibra espec\u00edfica para la limpieza de joyas, sin aplicar ning\u00fan l\u00edquido ni producto.<\/span><\/p>\n<p><b>COMO GUARDAR TUS JOYAS<\/b><\/p>\n<p><span style=\"font-weight: 400;\">Por favor, ten en cuenta que las cajitas de ALTALENA no est\u00e1n dise\u00f1adas para mantener los art\u00edculos en perfecto estado durante per\u00edodos de tiempo prolongados, ya que no son recipientes herm\u00e9ticos y el color puede ser alterado por la falta de uso.\u00a0<\/span><\/p>\n<p><span style=\"font-weight: 400;\">Conserva tus joyas de manera separada en un joyero o en bolsitas resistentes al deslustre, para evitar que con el roce se rayen. Puedes utilizar si lo prefieres las bolsitas de pl\u00e1stico herm\u00e9tico que encontrar\u00e1s debajo del acolchado de cada cajita. No uses recipientes de goma, ya que aceleran el proceso de deslustre de las piezas, sobre todo aquellas ba\u00f1adas en oro. Gu\u00e1rdalas en un lugar seco y cerrado. Cuando no las uses mantenlas lejos de cualquier exposici\u00f3n directa a la luz del sol y lejos de lugares h\u00famedos, sobre todo del ba\u00f1o, ya que aceleran el proceso de p\u00e9rdida de lucidez.<\/span><\/p>\n<p>&nbsp;<\/p>\n<p><b>NOTA<\/b><\/p>\n<p><span style=\"font-weight: 400;\">ALTALENA no garantiza que el ba\u00f1o de Oro y Oro rosa de nuestros productos dure para siempre.<\/span><\/p>\n<p><span style=\"font-weight: 400;\">Las piezas ba\u00f1adas en Oro son m\u00e1s fr\u00e1giles. Su durabilidad depender\u00e1 del uso de productos qu\u00edmicos que entren en contacto con la piel, el pH de cada persona y del nivel de sudoraci\u00f3n del cuerpo.\u00a0<\/span><\/p>\n<p>[\/et_pb_text][\/et_pb_column][\/et_pb_row][\/et_pb_section]<\/p>\n","protected":false},"excerpt":{"rendered":"<p>Para que tu joya mantenga su esplendor y brillo, te dejamos a continuaci\u00f3n algunos consejos \u00fatiles sobre c\u00f3mo cuidarla y mantenerla CONSERVACI\u00d3N DEL BRILLO Todas nuestras piezas ba\u00f1adas en oro tienen un tratamiento para preservar el color y la luminosidad por m\u00e1s tiempo, pero es normal que con el tiempo pueda perderse. El PH de [&hellip;]<\/p>\n","protected":false},"author":4,"featured_media":0,"parent":4478,"menu_order":0,"comment_status":"closed","ping_status":"closed","template":"","meta":{"_et_pb_use_builder":"on","_et_pb_old_content":"","_et_gb_content_width":"","footnotes":""},"class_list":["post-4479","page","type-page","status-publish","hentry"],"yoast_head":"<!-- This site is optimized with the Yoast SEO Premium plugin v22.1 (Yoast SEO v27.4) - https:\/\/yoast.com\/product\/yoast-seo-premium-wordpress\/ -->\n<title>CUIDADO DE LAS JOYAS - Altalena Italy<\/title>\n<meta name=\"robots\" content=\"index, follow, max-snippet:-1, max-image-preview:large, max-video-preview:-1\" \/>\n<link rel=\"canonical\" href=\"https:\/\/altalenaitaly.com\/?page_id=4479\" \/>\n<meta property=\"og:locale\" content=\"en_US\" \/>\n<meta property=\"og:type\" content=\"article\" \/>\n<meta property=\"og:title\" content=\"CUIDADO DE LAS JOYAS\" \/>\n<meta property=\"og:description\" content=\"Para que tu joya mantenga su esplendor y brillo, te dejamos a continuaci\u00f3n algunos consejos \u00fatiles sobre c\u00f3mo cuidarla y mantenerla CONSERVACI\u00d3N DEL BRILLO Todas nuestras piezas ba\u00f1adas en oro tienen un tratamiento para preservar el color y la luminosidad por m\u00e1s tiempo, pero es normal que con el tiempo pueda perderse. El PH de [&hellip;]\" \/>\n<meta property=\"og:url\" content=\"https:\/\/altalenaitaly.com\/?page_id=4479&amp;lang=es\" \/>\n<meta property=\"og:site_name\" content=\"Altalena Italy\" \/>\n<meta property=\"article:publisher\" content=\"https:\/\/www.facebook.com\/Altalena-Italy-323694341670693\" \/>\n<meta property=\"article:modified_time\" content=\"2020-11-04T10:35:56+00:00\" \/>\n<meta name=\"twitter:card\" content=\"summary_large_image\" \/>\n<meta name=\"twitter:label1\" content=\"Est. reading time\" \/>\n\t<meta name=\"twitter:data1\" content=\"3 minutes\" \/>\n<script type=\"application\/ld+json\" class=\"yoast-schema-graph\">{\"@context\":\"https:\\\/\\\/schema.org\",\"@graph\":[{\"@type\":\"WebPage\",\"@id\":\"https:\\\/\\\/altalenaitaly.com\\\/?page_id=4479&lang=es\",\"url\":\"https:\\\/\\\/altalenaitaly.com\\\/?page_id=4479&lang=es\",\"name\":\"CUIDADO DE LAS JOYAS - Altalena Italy\",\"isPartOf\":{\"@id\":\"https:\\\/\\\/altalenaitaly.com\\\/#website\"},\"datePublished\":\"2020-11-04T10:35:50+00:00\",\"dateModified\":\"2020-11-04T10:35:56+00:00\",\"breadcrumb\":{\"@id\":\"https:\\\/\\\/altalenaitaly.com\\\/?page_id=4479&lang=es#breadcrumb\"},\"inLanguage\":\"en-US\",\"potentialAction\":[{\"@type\":\"ReadAction\",\"target\":[\"https:\\\/\\\/altalenaitaly.com\\\/?page_id=4479&lang=es\"]}]},{\"@type\":\"BreadcrumbList\",\"@id\":\"https:\\\/\\\/altalenaitaly.com\\\/?page_id=4479&lang=es#breadcrumb\",\"itemListElement\":[{\"@type\":\"ListItem\",\"position\":1,\"name\":\"Home\",\"item\":\"https:\\\/\\\/altalenaitaly.com\\\/\"},{\"@type\":\"ListItem\",\"position\":2,\"name\":\"Informaci\u00f3n\",\"item\":\"https:\\\/\\\/altalenaitaly.com\\\/?page_id=101\"},{\"@type\":\"ListItem\",\"position\":3,\"name\":\"CUIDADO DE LAS JOYAS\"}]},{\"@type\":\"WebSite\",\"@id\":\"https:\\\/\\\/altalenaitaly.com\\\/#website\",\"url\":\"https:\\\/\\\/altalenaitaly.com\\\/\",\"name\":\"Altalena Italy\",\"description\":\"Jewelry\",\"potentialAction\":[{\"@type\":\"SearchAction\",\"target\":{\"@type\":\"EntryPoint\",\"urlTemplate\":\"https:\\\/\\\/altalenaitaly.com\\\/?s={search_term_string}\"},\"query-input\":{\"@type\":\"PropertyValueSpecification\",\"valueRequired\":true,\"valueName\":\"search_term_string\"}}],\"inLanguage\":\"en-US\"}]}<\/script>\n<!-- \/ Yoast SEO Premium plugin. -->","yoast_head_json":{"title":"CUIDADO DE LAS JOYAS - Altalena Italy","robots":{"index":"index","follow":"follow","max-snippet":"max-snippet:-1","max-image-preview":"max-image-preview:large","max-video-preview":"max-video-preview:-1"},"canonical":"https:\/\/altalenaitaly.com\/?page_id=4479","og_locale":"en_US","og_type":"article","og_title":"CUIDADO DE LAS JOYAS","og_description":"Para que tu joya mantenga su esplendor y brillo, te dejamos a continuaci\u00f3n algunos consejos \u00fatiles sobre c\u00f3mo cuidarla y mantenerla CONSERVACI\u00d3N DEL BRILLO Todas nuestras piezas ba\u00f1adas en oro tienen un tratamiento para preservar el color y la luminosidad por m\u00e1s tiempo, pero es normal que con el tiempo pueda perderse. El PH de [&hellip;]","og_url":"https:\/\/altalenaitaly.com\/?page_id=4479&lang=es","og_site_name":"Altalena Italy","article_publisher":"https:\/\/www.facebook.com\/Altalena-Italy-323694341670693","article_modified_time":"2020-11-04T10:35:56+00:00","twitter_card":"summary_large_image","twitter_misc":{"Est. reading time":"3 minutes"},"schema":{"@context":"https:\/\/schema.org","@graph":[{"@type":"WebPage","@id":"https:\/\/altalenaitaly.com\/?page_id=4479&lang=es","url":"https:\/\/altalenaitaly.com\/?page_id=4479&lang=es","name":"CUIDADO DE LAS JOYAS - Altalena Italy","isPartOf":{"@id":"https:\/\/altalenaitaly.com\/#website"},"datePublished":"2020-11-04T10:35:50+00:00","dateModified":"2020-11-04T10:35:56+00:00","breadcrumb":{"@id":"https:\/\/altalenaitaly.com\/?page_id=4479&lang=es#breadcrumb"},"inLanguage":"en-US","potentialAction":[{"@type":"ReadAction","target":["https:\/\/altalenaitaly.com\/?page_id=4479&lang=es"]}]},{"@type":"BreadcrumbList","@id":"https:\/\/altalenaitaly.com\/?page_id=4479&lang=es#breadcrumb","itemListElement":[{"@type":"ListItem","position":1,"name":"Home","item":"https:\/\/altalenaitaly.com\/"},{"@type":"ListItem","position":2,"name":"Informaci\u00f3n","item":"https:\/\/altalenaitaly.com\/?page_id=101"},{"@type":"ListItem","position":3,"name":"CUIDADO DE LAS JOYAS"}]},{"@type":"WebSite","@id":"https:\/\/altalenaitaly.com\/#website","url":"https:\/\/altalenaitaly.com\/","name":"Altalena Italy","description":"Jewelry","potentialAction":[{"@type":"SearchAction","target":{"@type":"EntryPoint","urlTemplate":"https:\/\/altalenaitaly.com\/?s={search_term_string}"},"query-input":{"@type":"PropertyValueSpecification","valueRequired":true,"valueName":"search_term_string"}}],"inLanguage":"en-US"}]}},"_links":{"self":[{"href":"https:\/\/altalenaitaly.com\/index.php?rest_route=\/wp\/v2\/pages\/4479","targetHints":{"allow":["GET"]}}],"collection":[{"href":"https:\/\/altalenaitaly.com\/index.php?rest_route=\/wp\/v2\/pages"}],"about":[{"href":"https:\/\/altalenaitaly.com\/index.php?rest_route=\/wp\/v2\/types\/page"}],"author":[{"embeddable":true,"href":"https:\/\/altalenaitaly.com\/index.php?rest_route=\/wp\/v2\/users\/4"}],"replies":[{"embeddable":true,"href":"https:\/\/altalenaitaly.com\/index.php?rest_route=%2Fwp%2Fv2%2Fcomments&post=4479"}],"version-history":[{"count":0,"href":"https:\/\/altalenaitaly.com\/index.php?rest_route=\/wp\/v2\/pages\/4479\/revisions"}],"up":[{"embeddable":true,"href":"https:\/\/altalenaitaly.com\/index.php?rest_route=\/wp\/v2\/pages\/4478"}],"wp:attachment":[{"href":"https:\/\/altalenaitaly.com\/index.php?rest_route=%2Fwp%2Fv2%2Fmedia&parent=4479"}],"curies":[{"name":"wp","href":"https:\/\/api.w.org\/{rel}","templated":true}]}}